n divisor of a and 15.
15
Let w = 124 - 50. Suppose -314 = -4*o - w. Suppose 3*t + t = o. Calculate the greatest common factor of 135 and t.
15
Let p = -8 + 36. Let y be (74/1 - 3) + -1. Calculate the highest common factor of y and p.
14
Let m(d) be the third derivative of d**5/60 - d**4/12 - d**3/2 + 4*d**2. Let h be m(-3). Calculate the greatest common divisor of 12 and h.
12
Let i(q) be the second derivative of -q**4/12 - 5*q**3/3 - 4*q**2 + 4*q. Let y be i(-8). Calculate the greatest common divisor of y and 20.
4
Let o = 7 - -2. Let b = 6 - 6. Suppose b = f + 4*g - g - 45, -3*f = 4*g - 135. What is the greatest common factor of f and o?
9
Let y be (-4)/(-16) - 7/(-4). Suppose y*t - 181 - 15 = 0. Suppose -53 - 3 = -4*g. What is the highest common factor of g and t?
14
Let r = 139 + -49. Calculate the highest common factor of r and 10.
10
Suppose 4*l + 2*m = 7*m + 405, 411 = 4*l - 3*m. Calculate the highest common factor of 15 and l.
15
Suppose -3*m - 5 = -20. Suppose m*u + 58 = 3*q, 2*q - 41 - 3 = -2*u. Let p be 0 + 6 - (-1)/1. Calculate the highest common divisor of q and p.
7
Suppose 0 = j + 4*l - 12, 2*j - 3*l = -3*j + 14. Let k = j + -3. Let m = 108 + -104. Calculate the greatest common divisor of m and k.
1
Let y be 18/(3*1/4). Suppose -10*x + 36 = -7*x. Calculate the highest common divisor of y and x.
12
Let q(j) = -j**3 - 14*j**2 + 12*j - 22. Let t be q(-15). Calculate the highest common divisor of 207 and t.
23
Suppose 4*c = -0*c + 36. What is the highest common divisor of 63 and c?
9
Let g be 42/(-35)*70/(-4). Calculate the highest common divisor of 7 and g.
7
Let j be (13 + 0)/(1 - 0). Suppose -i = 2*g - 233 - 3, 3*i - 348 = -3*g. Let w = g - 81. What is the greatest common divisor of j and w?
13
Let q = 0 + 2. Suppose -q + 13 = c. What is the highest common factor of c and 33?
11
Suppose 2*c + 5*s - 398 = 0, 5*s + 18 = -2. Let n = -30 - -15. Let h be (-19)/n*3*5. What is the greatest common factor of h and c?
19
Let u = -8 + 3. Let b = 9 + u. Suppose 0 = 3*a - 2*a - 2. Calculate the highest common factor of b and a.
2
Let u = -15 - -19. Suppose -10 = -u*h + 18. Calculate the highest common divisor of 7 and h.
7
Suppose -4*x + 4*g = -112, -g = 5*x - 2*g - 124. Calculate the highest common factor of 12 and x.
12
Suppose 4*a = 5*f - 50, 5*f - 2*f - a - 23 = 0. Suppose -4*l + 7 = -3*r - 2, 4*r = -2*l + 32. What is the highest common divisor of f and l?
6
Suppose 2*o - 171 = -o + 3*p, 0 = -o - 4*p + 42. Let n be 7 + (1 - 0)*2. Let f = n - 3. What is the highest common factor of f and o?
6
Let s(q) be the third derivative of q**4/6 + 4*q**3/3 - 3*q**2. Let j be s(4). Calculate the greatest common divisor of 168 and j.
24
Suppose 2*b - t = 71, 3*b + 0*b = -3*t + 111. Calculate the highest common divisor of 54 and b.
18
Let g(w) = -w**3 + 8*w**2 + 11*w - 1. Let n be g(9). What is the highest common divisor of 68 and n?
17
Suppose -66 + 16 = -5*x. Suppose -l - x = -40. Suppose 3*u + 2*w = 39, 0*u - 2*u + 24 = 2*w. Calculate the greatest common factor of l and u.
15
Let u = 107 - -69. Let b(s) = -s - 2. Let z be b(-4). Suppose 42 = -r + 4*r + 2*w, z*r + 3*w - 23 = 0. Calculate the highest common factor of u and r.
16
Let g(j) = -j**3 + 5*j**2 - 4*j + 4. Let p be (-1)/4 + (-17)/(-4). Let f be g(p). Let r be (2/f)/(2/72). What is the greatest common divisor of r and 45?
9
Let w = -6 + 7. Suppose w = 2*d - 7. Calculate the greatest common factor of 8 and d.
4
Let y(b) = 187*b**3 + b**2 - 2*b + 1. Let f be y(1). Calculate the highest common divisor of f and 17.
17
Let n = 10 + -10. Let o = 4 - n. Calculate the highest common divisor of o and 4.
4
Let s be (15/(-4))/(0 - 12/64). What is the greatest common divisor of 40 and s?
20
Let l = -84 + 124. What is the greatest common factor of 10 and l?
10
Suppose -5*x + 12 = -8. Suppose 2*l + 3*d - 20 = -3*l, l + 4*d = x. What is the greatest common divisor of 8 and l?
4
Suppose 0*r = 4*r. Let y be r + 2/(-4)*-6. Let t(f) = 22*f. Let h be t(y). What is the highest common divisor of h and 22?
22
Let o = 24 + -203. Let k = o - -278. Calculate the highest common factor of k and 9.
9
Let n be 2*(-4)/8*-14. Calculate the greatest common factor of 98 and n.
14
Let h be (-823)/(-15) + (-4)/(-30). Suppose -2*s - 3 = 2*x + 3*s, 3*x - 4*s = 53. What is the greatest common divisor of x and h?
11
Let f be (-65)/25 + (-4)/10. Let g be f/(3/(-2) + 0). Calculate the greatest common factor of g and 14.
2
Let d(t) = -t**2 - 4*t + 8. Let k be d(-7). Let l be -3 - k - -1 - 2. What is the greatest common divisor of l and 99?
9
Let v(j) = j**3 + j**2 - 2*j - 4. Let q be v(-3). Let m be (8/q)/((-2)/24). Calculate the greatest common factor of 6 and m.
6
Let m = 167 - 162. Calculate the greatest common factor of m and 15.
5
Let w(o) = o + 4. Let u be w(4). Calculate the greatest common divisor of 88 and u.
8
Suppose -5*j - 664 - 86 = 0. Let o be (j/(-9))/(2/15). Suppose -i = -2*h + 65, -5*h - 6*i = -i - o. Calculate the greatest common factor of h and 12.
6
Let i = -16 + 40. Suppose -6*t + i = -2*t. What is the highest common factor of t and 60?
6
Let t be (-10)/45 + (290/18)/5. Calculate the highest common divisor of 9 and t.
3
Suppose 34 - 7 = 3*r. Calculate the highest common divisor of r and 81.
9
Suppose -3*q + 7*q = 0. Suppose 0 = 3*m - q*m - 30. Suppose -5*w + 5*o + 115 = 0, -2*w + 3*o - 2 = -51. Calculate the greatest common divisor of w and m.
10
Suppose 0*r = -r + 7. Suppose 2*c + 23 = 6*c - 3*n, 4*c + 3*n + 7 = 0. Let b = c + 5. What is the highest common factor of r and b?
7
Suppose -345 = -n + 69. Calculate the greatest common divisor of n and 46.
46
Let i be ((-8)/5)/(4/(-810)). Calculate the highest common divisor of i and 36.
36
Let c(l) = l**2 - 2*l. Let t be c(2). Suppose t = -4*p + 3 + 1. Suppose 5*b = -o + 21, -b = -3*b - 2*o + 10. What is the highest common divisor of b and p?
1
Suppose -5*z = p - 43, 0 = -2*p + p - z + 27. Calculate the greatest common factor of 207 and p.
23
Let q = -1 - -5. Suppose 3*y + 104 = q*d - 0*d, 2*d = 5*y + 52. Calculate the highest common factor of 78 and d.
26
Let t be 32/10 + 1/(-5). Suppose 0 - t = -3*h. Calculate the highest common divisor of h and 3.
1
Let p be -1 + 97 + (-18)/(-6). What is the highest common factor of 11 and p?
11
Suppose 3*p + 18 - 72 = 0. Let k(f) = f**2 + 16. Let d be k(-11). Let c = d - 47. Calculate the highest common divisor of c and p.
18
Let w be -1 + 119 - ((-6)/6 + -1). Let h = 5 - 3. Let v be (-1 + h)/((-4)/(-60)). Calculate the highest common factor of w and v.
15
Let r = -17 + 19. Suppose -r*m = 4*d - 104, -50 = -m - 0*m - 4*d. What is the greatest common divisor of 18 and m?
18
Let m(g) = g - 7. Let h be m(6). Let v be (-29)/h - (-2 + 2). Let c = -8 + v. Calculate the greatest common factor of c and 3.
3
Let c be 66 + 2 - (-10 + 13). What is the greatest common divisor of 26 and c?
13
Let x be (1 + 0)/((-3)/(-18)). Let d be (-274)/(-30) - (-16)/(-120). What is the greatest common factor of x and d?
3
Let x be -3*1/(-3) - 3. Let m be x/5 - (-1530)/75. What is the greatest common factor of m and 8?
4
Suppose -2*f = -5*j + 96, -f = f - 3*j + 92. Let v = f + 71. Calculate the highest common factor of v and 70.
14
Let i = 27 - 6. Let j = -74 - -263. Calculate the greatest common factor of i and j.
21
Let a = -86 + 116. What is the highest common divisor of 120 and a?
30
Let t(q) = -q**3 - 21*q**2 - 26*q + 12. Let m be t(-20). What is the highest common divisor of 12 and m?
12
Let j(i) = i**3 + 7*i**2 + i + 10. Let d be j(-7). Let p = -1 + d. Let k be (-1)/(-1)*3 - 1. What is the highest common divisor of k and p?
2
Let y = -4 - -202. What is the highest common divisor of 22 and y?
22
Suppose -30 = -3*m + 12. Let l(v) = -v**3 - v**2 - v + 4. Let w be l(-4). What is the highest common divisor of m and w?
14
Let r be 1/(-4) - (-324)/16. Calculate the highest common factor of 140 and r.
20
Suppose -8*l - 115 = -13*l. What is the greatest common factor of l and 69?
23
Let a = -14 - -20. Let j(c) = -c**3 + 5*c**2 + 7*c + 3. Let r be j(a). What is the highest common factor of 3 and r?
3
Let u = 44 - 16. What is the greatest common divisor of 8 and u?
4
Let j = -3 - -8. Suppose j*y - 99 = 111. Suppose -y = -2*m - m. What is the highest common fa